*v. Is k prime?
False
Let v = 75 - -99. Suppose 4*g + 26 = v. Is g composite?
False
Let o = -116 + 1477. Is o prime?
True
Suppose -4*y + 55 = -9*y. Let h(i) = -i**3 - 11*i**2 - 9*i - 8. Is h(y) a composite number?
True
Suppose x - 6 = -11. Let a(t) = -6*t**3 + 6*t**2 + 6*t - 4. Let c be a(x). Suppose 4*v = 2*v + p + c, 1301 = 3*v - 2*p. Is v a composite number?
False
Is (-4)/(-16)*194*2 composite?
False
Let w(o) = o + 211. Let b = 6 + -11. Let v = b + 5. Is w(v) prime?
True
Let b(x) = -x + 1. Let u be b(-10). Is (u/(-4))/(2/(-56)) a composite number?
True
Let l(q) = q + 8. Let j be l(7). Let h(d) = -d**2 - 5*d - 2. Let p be h(-2). Suppose -p*z = w - 29, z + 2*z = w - j. Is w a prime number?
False
Is (-6)/9 - (9142/(-6))/7 a composite number?
True
Suppose -2308 - 4922 = -6*g. Is g a prime number?
False
Let j be (-2)/8 + (-87)/(-12). Suppose -1 = -2*r + j. Is 1/r + (-902)/(-8) prime?
True
Is 6/(-3) + (668 - 4) composite?
True
Suppose -6*x - 745 = -3427. Is x a prime number?
False
Let z(h) = -h**2 + 55. Let s(u) = -u + 3. Let a be s(3). Is z(a) composite?
True
Suppose -6*z = -11*z + 3585. Is z prime?
False
Suppose -310 = -3*w - 0*w - 5*i, -3*i = -5*w + 562. Suppose -p - 4*p + 4*b - w = 0, -4*p + 4*b - 88 = 0. Is (-1)/(-2) - p/4 a prime number?
False
Is 127*2*4/8 composite?
False
Let b = -349 - -535. Let q(d) = -d - 3. Let n be q(-7). Is (-4)/(-6)*b/n prime?
True
Suppose -j = 2*j - 3*h + 387, -4*j + 3*h - 511 = 0. Suppose c - 32 = -3*c. Is (j/c)/(1/(-2)) composite?
False
Let s = -14 - -10. Let k be 9/s - 5/(-20). Is 1/(k - (-78)/38) a composite number?
False
Suppose -4*y - x + 422 + 1648 = 0, 3*y = 4*x + 1543. Is y a prime number?
False
Suppose 5*g - 68296 = -3*g. Is g a prime number?
True
Let g(f) = f**3 + f**2 + 112. Let v be g(0). Suppose -4*k - v = -2*q + k, q - 4*k - 50 = 0. Is (-12)/q + 981/11 prime?
True
Let j(v) = -7*v + 3. Let i be j(-3). Let u = 69 + i. Is u a prime number?
False
Suppose -4 = 2*a - j, 0*a - a - 4*j - 2 = 0. Let h be (-2)/(a/(7 - 3)). Suppose -h*s = 5*i - 306, 233 = -0*s + 3*s + 2*i. Is s prime?
True
Suppose -140 = -3*v + 226. Is v composite?
True
Let u(p) = 6*p**2 + 8*p - 5. Suppose -5*k + 10 = 4*o, 0 = -2*o - 2*o + 5*k + 30. Is u(o) composite?
True
Is 408 + (-7 + 4)/3 a prime number?
False
Let z(f) = -13*f + 6. Let b(a) = 13*a - 6. Let d(n) = -6*b(n) - 7*z(n). Let o be d(4). Let y = 43 + o. Is y a prime number?
True
Let q(h) = -h**2 - 9*h - 1. Let p be q(-7). Suppose -5*g - 7 = p, -x - g + 19 = 0. Suppose 5*f - x - 27 = 0. Is f a prime number?
False
Let l(y) = 3*y**2 + 2*y - 5. Suppose -6*z = -5*z + 4. Is l(z) a composite number?
True
Let f = 0 + 13. Let y = f - 8. Is 106*(y/2)/5 prime?
True
Suppose n - 2*n + 14 = 0. Is 4/n - (-551)/7 prime?
True
Let m(d) = -6*d**3 + d**2 + 2*d + 1. Let c be m(-1). Let s(k) = 4*k**2 + 17*k - 10. Let g(a) = -a**2 - a + 1. Let j(y) = 5*g(y) + s(y). Is j(c) a prime number?
True
Suppose 25*z - 24*z - 1042 = 0. Is z a composite number?
True
Let u = -139 - -476. Is u a prime number?
True
Let o be (-4 + 1)/(10/(-60)). Suppose -o = -3*q + 12. Is q a prime number?
False
Suppose g = -4*p - 2*g + 25885, 4*p - 25888 = -4*g. Is p composite?
False
Let n = 3 + -10. Let y = n - -44. Is y prime?
True
Let b(c) = -7*c**3 - 5*c**2 - 3*c - 4. Is b(-3) composite?
False
Let w = -183 - -1382. Is w a prime number?
False
Suppose -4*t + 405 = -303. Is t a composite number?
True
Suppose 0 = 5*p - 26 + 1. Suppose -x + 51 = p. Is x composite?
True
Let k(o) = -o - 3. Let h be k(-3). Let y = h + 0. Suppose -s + y*v - 4 = -5*v, -4*s + 38 = -2*v. Is s prime?
True
Suppose -3*f + 2*t - t - 3 = 0, 5*f - 5*t + 5 = 0. Is (0 + f)/(1/(-23)) prime?
True
Let g(v) = -5 - 4*v + 8*v - 25*v. Is g(-4) prime?
True
Let z(p) = 8*p**3 + 2*p**2 + 2*p**2 + 0*p**2 - 3*p**2. Let k be 1/3 + (-4)/(-6). Is z(k) prime?
False
Suppose 5*x - 4*p + 16 = 0, 3*x + 5*p + 16 = p. Let o = 19 + x. Is o composite?
True
Let x(u) = -13*u - 5. Let i be (-6)/9*3 - 2. Is x(i) composite?
False
Let t(h) = h + 20. Is t(-10) a prime number?
False
Let r = 1 + 1. Suppose 0 = -r*t + 4*t. Suppose 55 = 5*x - 4*b, 3*b - 55 = -5*x - t*b. Is x a prime number?
True
Let f(r) = 3*r**2 - 4*r + 2. Let l be f(2). Suppose s + 2 = 4*o - l, 10 = 5*o. Suppose -4*b - 2*u = -s*u - 178, 4*b - 2*u = 198. Is b a prime number?
True
Let h = 176 - 96. Let t = h + -49. Is t a prime number?
True
Let s(w) = 5*w - 3. Let z(b) = -5*b + 3. Let r(h) = 6*s(h) + 7*z(h). Let u be r(2). Let o = 28 + u. Is o a prime number?
False
Let j = -1 - -46. Let r = 32 + j. Is r a composite number?
True
Suppose t + 0*j = -5*j + 692, 3*j + 2791 = 4*t. Is t a prime number?
False
Let f(d) = 10*d**2 + 8*d + 8. Let u(h) = 3*h**2 + 3*h + 3. Let b(p) = -2*f(p) + 7*u(p). Let m be b(-5). Let k = m + 16. Is k a composite number?
True
Let f be (4/5)/(1/190). Is (-8)/(-28) - f/(-7) composite?
True
Let i = -2696 - -3887. Is i composite?
True
Let b be (-2)/(2/(-33)) - 1. Suppose -7*u + 3*u + 4*r - b = 0, 2*r + 8 = 0. Let c = u - -23. Is c a composite number?
False
Let q = 599 + 288. Is q prime?
True
Let z(l) = -l + 20. Let x be z(15). Suppose -671 = -4*q + 3*d, -x*q = 3*d - 175 - 657. Is q a composite number?
False
Suppose -2*a + 0*a + 4*w + 20 = 0, 4*a - w - 19 = 0. Suppose 0 = -o - 3*g + a, 5*o + 0*g - 20 = g. Is o prime?
False
Let a = -69 + 124. Is a prime?
False
Suppose -24*w = -16*w - 8488. Is w composite?
False
Suppose -y - 3*s + 3869 = -2301, -30889 = -5*y - 2*s. Is y composite?
True
Let w(f) = f**2 - 2*f + 1. Let u be w(3). Suppose u*i = 421 + 55. Is i a prime number?
False
Let y = 265 - 8. Is y a prime number?
True
Suppose 7 = -2*s + 11. Suppose -s*b = -4 - 14. Is b a composite number?
True
Suppose 4*n + s = -3*s - 68, -5*n + 2*s - 64 = 0. Let a = 20 + n. Is ((-7)/(-4))/(a/72) a prime number?
False
Let d be (-1 - 4/(-1))/1. Suppose -d*q = -0*q - 33. Is q prime?
True
Let s(m) = m**3 + 3*m**2 + 2*m - 1. Let a be s(-2). Let c = a - -4. Suppose r - 232 = -c*d, -70 = -d - r + 8. Is d a composite number?
True
Let i be (198/21)/(1/7). Let y = -34 + i. Let u = y + -18. Is u a prime number?
False
Let m(a) be the third derivative of a**6/120 + 2*a**5/15 - 3*a**4/8 - a**2. Let y be m(-9). Suppose -c + 3*h = 4*h - 84, y = c - 5*h - 90. Is c composite?
True
Suppose -h + 3*x = 7, -2*h = -0*h + 2*x - 18. Suppose -193 = -j + 2*c, -h*j + c + 1020 = 2*c. Is j prime?
False
Let f be (-20)/(-6) - (-8)/12. Suppose -f*g = g - 245. Is g composite?
True
Let q be (-106)/(-2 + 16/10). Is q/(-10)*1*-2 a prime number?
True
Suppose -6 + 3 = -3*i. Let r(f) = -f + 1. Let j be r(i). Suppose 4 = 2*b - b, j = 2*x + b - 70. Is x composite?
True
Let q(i) = i**3 - 5*i**2 + 18*i - 23. Is q(11) composite?
True
Let s(q) be the second derivative of -q**5/10 - 3*q**4/4 + 3*q**2/2 - 2*q. Is s(-6) a composite number?
True
Let c(h) = -h**3 + 5*h**2 - 3*h + 4. Let y be c(4). Suppose l - 3*l + y = 0. Suppose 88 = -x + l*x + 5*b, -b = 1. Is x a composite number?
False
Suppose -5*c + f = -4775, 2*c - 2865 = -c - 4*f. Is c prime?
False
Let r be (0 - (2 - 0))/1. Is (1 - -3)*r/(-4) composite?
False
Let i be (-4)/(-10) - 1312/(-20). Let z = 97 + i. Is z composite?
False
Suppose -984 - 1460 = -4*l. Is l composite?
True
Let x(q) = 2*q**3 + q**2 - q + 4. Let t be x(-4). Let l = 27 - t. Is l a composite number?
False
Suppose 2*v + 22 - 2 = 0. Is 2/v - (-12664)/20 prime?
False
Let d = 53 + 4. Suppose g + 0*o - o = 19, 3*g + 5*o = d. Is g a composite number?
False
Is (0 - 1)/(22578/11290 + -2) a prime number?
False
Let q(t) = -t**3 + 7*t**2 + t - 4. Let i be q(7). Is ((-5)/(-20))/(i/5316) a prime number?
True
Suppose -i - 3*j + 17 = 0, -4*j + 12 = 2*i - 9*j. Suppose -y = -i - 0. Suppose w + 2*n - 7 = 4, w - 5*n = y. Is w composite?
False
Let x = 488 - -219. Is x composite?
True
Let d = 7 - 2. Suppose -d*u + 3435 + 590 = 0. Suppose 4*c + c = u. Is c prime?
False
Suppose 2*k - 208 = 5*m - 4*m, m - 216 = -2*k. Is k a prime number?
False
Suppose -93 - 198 = -3*x. Is x composite?
False
Suppose 3*w - 997 + 55 = 0. Is w a prime number?
False
Let d = 3 + 2. Suppose -4 = -d*f + 166. Is f a prime number?
False
Let j(u) = -u**2 - 10*u - 3. Let x be j(-10). Let o = x + 22. Is o a composite number?
False
Suppose -m - m = -2014. Is m composite?
True
Let s(h) = -h - 6. Let f be s(-5). I